279664?
4
What is the tens digit of 323400?
0
What is the ten thousands digit of 1968882?
6
What is the units digit of 588704?
4
What is the thousands digit of 2236061?
6
What is the hundreds digit of 223408?
4
What is the hundreds digit of 9887274?
2
What is the units digit of 108425?
5
What is the ten thousands digit of 3330160?
3
What is the hundred thousands digit of 729458?
7
What is the units digit of 7157068?
8
What is the hundreds digit of 47214?
2
What is the hundreds digit of 2472075?
0
What is the tens digit of 539653?
5
What is the units digit of 226542?
2
What is the ten thousands digit of 12080680?
8
What is the thousands digit of 194146?
4
What is the hundred thousands digit of 709634?
7
What is the millions digit of 34749082?
4
What is the hundred thousands digit of 3470237?
4
What is the thousands digit of 244580?
4
What is the hundred thousands digit of 1520589?
5
What is the thousands digit of 25198?
5
What is the hundreds digit of 901446?
4
What is the hundreds digit of 2759269?
2
What is the thousands digit of 1943655?
3
What is the hundreds digit of 4268776?
7
What is the ten millions digit of 11785480?
1
What is the thousands digit of 1241564?
1
What is the hundred thousands digit of 3172117?
1
What is the units digit of 660158?
8
What is the millions digit of 13787109?
3
What is the hundred thousands digit of 292083?
2
What is the units digit of 4422391?
1
What is the thousands digit of 1717659?
7
What is the ten thousands digit of 5851936?
5
What is the hundreds digit of 5143049?
0
What is the tens digit of 2018794?
9
What is the thousands digit of 989622?
9
What is the ten thousands digit of 329112?
2
What is the ten thousands digit of 237809?
3
What is the tens digit of 6086924?
2
What is the hundred thousands digit of 159682?
1
What is the hundred thousands digit of 513025?
5
What is the ten millions digit of 13271297?
1
What is the units digit of 9201623?
3
What is the thousands digit of 2331030?
1
What is the tens digit of 2762582?
8
What is the hundred thousands digit of 482133?
4
What is the ten thousands digit of 2403334?
0
What is the hundred thousands digit of 543816?
5
What is the hundred thousands digit of 208918?
2
What is the units digit of 15490521?
1
What is the thousands digit of 205620?
5
What is the hundreds digit of 115532?
5
What is the ten thousands digit of 1343325?
4
What is the millions digit of 8283427?
8
What is the hundreds digit of 1555922?
9
What is the tens digit of 562924?
2
What is the ten thousands digit of 675896?
7
What is the hundreds digit of 504401?
4
What is the thousands digit of 2530719?
0
What is the hundred thousands digit of 9210180?
2
What is the hundreds digit of 844372?
3
What is the units digit of 13394620?
0
What is the tens digit of 6945776?
7
What is the thousands digit of 2963237?
3
What is the ten thousands digit of 17613375?
1
What is the tens digit of 10694186?
8
What is the ten thousands digit of 1294427?
9
What is the ten thousands digit of 833891?
3
What is the ten thousands digit of 83003?
8
What is the hundreds digit of 129542?
5
What is the units digit of 2443604?
4
What is the ten thousands digit of 271032?
7
What is the tens digit of 3521872?
7
What is the ten thousands digit of 774892?
7
What is the ten thousands digit of 1618726?
1
What is the millions digit of 12332843?
2
What is the millions digit of 3260255?
3
What is the ten thousands digit of 171926?
7
What is the ten thousands digit of 89738?
8
What is the units digit of 7835017?
7
What is the ten thousands digit of 348828?
4
What is the hundreds digit of 3018469?
4
What is the thousands digit of 2836973?
6
What is the hundred thousands digit of 1072053?
0
What is the tens digit of 2896777?
7
What is the hundred thousands digit of 505387?
5
What is the tens digit of 5915071?
7
What is the thousands digit of 27058973?
8
What is the units digit of 34707?
7
What is the ten thousands digit of 98775?
9
What is the ten thousands digit of 279161?
7
What is the thousands digit of 5109501?
9
What is the tens digit of 1731241?
4
What is the units digit of 233848?
8
What is the tens digit of 857674?
7
What is the millions digit of 2926420?
2
What is the units digit of 1716913?
3
What is the hundreds digit of 521352?
3
What is the units digit of 3153323?
3
What is the hundreds digit of 667511?
5
What is the thousands digit of 57415?
7
What is the hundreds digit of 303686?
6
What is the hundred thousands digit of 839495?
8
What is the tens digit of 6353800?
0
What is the hundred thousands digit of 2437942?
4
What is the thousands digit of 388080?
8
What is the hundred thousands digit of 4247804?
2
What is the ten thousands digit of 12591224?
9
What is the units digit of 450620?
0
What is the tens digit of 7415853?
5
What is the units digit of 12614489?
9
What is the thousands digit of 67278?
7
What is the thousands digit of 656340?
6
What is the ten thousands digit of 958101?
5
What is the thousands digit of 34188?
4
What is the hundreds digit of 183801?
8
What is the ten thousands digit of 9599780?
9
What is the hundreds digit of 11843826?
8
What is the ten thousands digit of 2753768?
5
What is the units digit of 13604241?
1
What is the thousands digit of 711921?
1
What is the tens digit of 215644?
4
What is the hundreds digit of 2685189?
1
What is the units digit of 8786973?
3
What is the hundred thousands digit of 493061?
4
What is the hundred thousands digit of 444688?
4
What is the hundreds digit of 2163667?
6
What is the thousands digit of 1673246?
3
What is the thousands digit of 67140?
7
What is the ten thousands digit of 9174565?
7
What is the hundreds digit of 253015?
0
What is the thousands digit of 142885?
2
What is the tens digit of 1452537?
3
What is the hundred thousands digit of 25288938?
2
What is the hundreds digit of 4040186?
1
What is the tens digit of 3718?
1
What is the millions digit of 3034860?
3
What is the tens digit of 182132?
3
What is the hundreds digit of 4488150?
1
What is the units digit of 9028345?
5
What is the hundreds digit of 922537?
5
What is the hundred thousands digit of 4421786?
4
What is the millions digit of 5590610?
5
What is the hundred thousands digit of 130844?
1
What is the ten millions digit of 37359631?
3
What is the hundred thousands digit of 8746325?
7
What is the hundred thousands digit of 372435?
3
What is the tens digit of 988625?
2
What is the units digit of 8153533?
3
What is the tens digit of 1498186?
8
What is the units digit of 175323?
3
What is the tens digit of 1489321?
2
What is the tens digit of 5921082?
8
What is the units digit of 1166699?
9
What is the units digit of 2581297?
7
What is the ten millions digit of 28243663?
2
What is the thousands digit of 3275598?
5
What is the hundred thousands digit of 9586938?
5
What is the ten thousands digit of 170101?
7
What is the ten thousands digit of 17231176?
3
What is the hundreds digit of 377388?
3
What is the ten millions digit of 19095606?
1
What is the tens digit of 335944?
4
What is the hundred thousands digit of 179824?
1
What is the ten thousands digit of 789528?
8
What is the tens digit of 360201?
0
What is the ten thousands digit of 665178?
6
What is the hundreds digit of 10210521?
5
What is the ten thousands digit of 526552?
2
What is the thousands digit of 574396?
4
What is the hundred thousands digit of 3000999?
0
What is the ten thousands digit of 506615?
0
What is the tens digit of 240835?
3
What is the millions digit of 8486310?
8
What is the hundreds digit of 18842256?
2
What is the units digit of 6482302?
2
What is the units digit of 30926114?
4
What is the hundred thousands digit of 24130071?
1
What is the units digit of 1372535?
5
What is the thousands digit of 8088963?
8
What is the ten thousands digit of 932277?
3
What is the thousands digit of 520564?
0
What is the ten thousands digit of 186427?
8
What is the thousands digit of 13089455?
9
What is the units digit of 416788?
8
What is the hundred thousands digit of 7388933?
3
What is the units digit of 743996?
6
What is the units digit of 555?
5
What is the tens digit of 2467827?
2
What is the hundred thousands digit of 131211?
1
What is the hundred thousands digit of 1729411?
7
What is the millions digit of 3452107?
3
What is